 of a(-1).
2
Let t(a) be the second derivative of 47*a**5/20 + a**4/12 - a**3/3 + a**2/2 - 5*a. List the prime factors of t(1).
47
Let k(u) = u**3 - 7*u**2 + 7*u - 4. Let j be k(6). Let f(h) = h - h**j + 2*h**2 - 2*h**2 + 8. List the prime factors of f(0).
2
Let c(p) = -2 - 3 + p + 1 - 1. What are the prime factors of c(7)?
2
Let b(t) = t - 3. Let n be b(0). Let z = n - -6. What are the prime factors of (-17 + 2)/z*-1?
5
What are the prime factors of (54/(-24))/3*(-84)/1?
3, 7
List the prime factors of (-1022)/(-6)*12/42*3.
2, 73
Let g(l) = -l**3 + 7*l**2 + 9*l + 1. Suppose -15 = -2*w - x, 5 = w - 2*x + 10. Suppose -32 = k - w*k. List the prime factors of g(k).
3
Let w = 179 - 97. List the prime factors of w.
2, 41
Let c(d) = d - 1. Let b be c(0). Let w be (b - 0/(-2)) + 1. Suppose -v + w + 8 = 0. What are the prime factors of v?
2
Suppose -s + 196 = -206. List the prime factors of s.
2, 3, 67
List the prime factors of 84*(-2 - 1)/(-9).
2, 7
Suppose v - 54 = 5*d, 5*v = -0*v + 20. What are the prime factors of 27 - (-2 + d/(-2))?
2, 3
Let b = -73 - -141. List the prime factors of b.
2, 17
Let g(k) = -5*k + 6. What are the prime factors of g(-3)?
3, 7
Let p(w) = w**3 - 10*w**2 + 10*w + 13. Let n(i) = i**2 + 6*i + 2. Let b be n(-7). What are the prime factors of p(b)?
2, 11
Let v be 1*2 + -7 + 8. Suppose 0 = v*w - 27 - 12. What are the prime factors of w?
13
List the prime factors of (0 - (-10)/25) + 383/5.
7, 11
Let z = -15 - -162. List the prime factors of z.
3, 7
Let z(m) = m**2 + 12*m + 12. List the prime factors of z(-18).
2, 3, 5
Let g(t) = t + 9. List the prime factors of g(-4).
5
Let z = 14 + -7. Suppose -11 = -2*n + z. List the prime factors of n.
3
Let y = -10 - -4. What are the prime factors of ((-7)/(-4))/(y/(-24))?
7
Let q = 41 + 85. What are the prime factors of q?
2, 3, 7
Let s be 7 + 0 + (-1 - 1). Suppose -5*n = -2*l - 25, 4*n - 5*n = -4*l - s. Let r = n - 0. What are the prime factors of r?
5
Suppose 163 = -2*o + 551. List the prime factors of o.
2, 97
Let g = 0 - -4. Suppose g*d = 8*d - 72. What are the prime factors of 2/(-1)*d/(-4)?
3
Let m be (-16)/(-10)*(-2 - -7). Let f be m/(-3) + 6/9. List the prime factors of (9/(-6))/(f/12).
3
Suppose 4*a = 4*f - 72, 4*a = 2*f - f - 57. Let l(r) = -2*r**2 + 2*r - 1. Let p be l(-3). Let q = a - p. List the prime factors of q.
2, 3
Let b(f) = -2*f - 3. Suppose -2*t - 4 = 10. What are the prime factors of b(t)?
11
Let y(d) be the third derivative of 11*d**4/24 - 2*d**3/3 + 8*d**2. What are the prime factors of y(4)?
2, 5
Suppose -y = 2*y + 4*a + 16, -5*y - 40 = 4*a. Let t = y - -28. List the prime factors of t.
2
Suppose f + 93 = 4*f. Let w = f + -21. List the prime factors of w.
2, 5
Let h(a) = -50*a**3 + 2*a + 1. List the prime factors of h(-1).
7
Let t(l) = l**3 + 5*l**2 + 4*l + 3. Suppose 0 = -2*g + 6 + 18. Suppose z - 5 = 4*c + g, -4*z = 5*c + 37. What are the prime factors of t(z)?
3
Let x = 65 + 9. What are the prime factors of x?
2, 37
Let g(r) = 4*r**3 - 10*r**2 + 3*r - 2. Let c(o) = 11*o**3 - 29*o**2 + 9*o - 5. Let x(a) = -3*c(a) + 8*g(a). List the prime factors of x(6).
17
Let z(m) = -4*m + 3. Let o be z(3). Let b be (0 - -2)*o/(-6). Suppose 2*f - 40 = -b*f. What are the prime factors of f?
2
Let r = -1 - -3. Suppose -5*v + 7*v = 20. Suppose 0 = -q + r + v. List the prime factors of q.
2, 3
Let l(c) = -c - 3. Let k be l(-5). Suppose 0 = -0*w - k*w + 58. What are the prime factors of w?
29
Suppose -5*u = -0*u - 5. Let y be 1 + -8 + u + 2. What are the prime factors of (-2)/y + (-3)/(-2)?
2
What are the prime factors of 2/(-5) - -1 - 5064/(-60)?
5, 17
Let z(l) = 2*l**2 - 10*l + 6. What are the prime factors of z(5)?
2, 3
List the prime factors of (7*15)/(3/8).
2, 5, 7
Let f(q) = -q**3 + 2*q**2 - 2*q. Let w(h) = h - 2. Let s be w(4). Let k be f(s). Let v(x) = -x**2 - 5*x - 1. What are the prime factors of v(k)?
3
Let r(c) = -c + 4. Let u(d) = d**2 + 8*d. Let y be u(-8). Let n be r(y). Suppose 49 = -0*x + 3*x + 5*b, 5*b = -n*x + 62. What are the prime factors of x?
13
Let d be ((-18)/(-10) - 1)*5. Suppose 63 = d*a - 29. What are the prime factors of a?
23
Suppose -6*z = -2*z - 112. List the prime factors of z.
2, 7
Let x(s) = -s - 4. Let j be x(-3). Let l be -5*((-4)/j - 2). Let n = 4 - l. What are the prime factors of n?
2, 7
What are the prime factors of 208/13 + (1 - -1)?
2, 3
Let k(i) = i - 1. Let c(x) = -3*x - 1. Let g(o) = -c(o) - 2*k(o). What are the prime factors of g(12)?
3, 5
Suppose 0 = -3*n - 2*n + y + 141, 0 = -n + y + 25. List the prime factors of n.
29
Suppose -352 = -4*f - 3*g - 125, -1 = -g. Suppose -f = -3*v + 40. List the prime factors of v.
2
Let c = -6 - -3. Let x be c - (-2 - (57 + -2)). Suppose -2*k = -5*k + x. List the prime factors of k.
2, 3
Suppose 4*q - 14 = 242. What are the prime factors of q?
2
List the prime factors of 262/10 + -3*(-1)/(-15).
2, 13
List the prime factors of (4 - (-3)/3) + 96.
101
Let l be 2 + -5 + 4 - 6. Let f(c) be the second derivative of -c**3/6 - c. List the prime factors of f(l).
5
Let j(g) = -g - 1 + g + g. Suppose 0*x + 3*x = 30. List the prime factors of j(x).
3
Let t = 7 + -11. Let f be (-42)/(-8) + 1/t. Suppose f*c - 5 = 10. What are the prime factors of c?
3
Let d = 532 + -211. List the prime factors of d.
3, 107
Let d(b) = -b**2 - 7*b + 1. Let g = 9 - 14. What are the prime factors of d(g)?
11
Let x be (-28)/(-8)*(-12)/(-7). Suppose r + 20 = x*r. What are the prime factors of r?
2
Let i(w) be the first derivative of -3*w**2/2 + 47*w + 7. What are the prime factors of i(0)?
47
Let b(v) = 60*v**2 - v - 2. List the prime factors of b(-1).
59
Suppose 0 = -y + 3*y + 4*v + 10, 0 = -3*y + 3*v + 30. Suppose 129 = -2*w + y*w. List the prime factors of ((-1 - w)/2)/(-2).
11
Suppose u = -3*p + 101 + 16, 453 = 4*u - 3*p. What are the prime factors of u?
2, 3, 19
List the prime factors of -8*((-33)/6 - 3).
2, 17
Let g be 4/(-6)*-3 + 1. Let x be (4/(-6))/1*g. Let m(j) = 2*j**2 + 3*j + 1. List the prime factors of m(x).
3
Suppose 0 = -4*i + 106 + 230. Let w = -59 + i. List the prime factors of w.
5
Let h be 6/9*9/2. Suppose 3*o = 2*m - 6*m + 28, 0 = h*o + 5*m - 29. Suppose -2*f - z + 17 = -o, 0 = -5*f - 2*z + 64. What are the prime factors of f?
2, 7
Let k be 0 + -1 + 1 + -2. Let h = 4 - k. List the prime factors of h.
2, 3
Suppose -35 = -2*a + 3*v, 2*v = -5*a + 4*a + 14. What are the prime factors of a?
2
Let a = 3 + -1. Suppose 5*c - a = 13. Suppose c*r - 2*y = 50, -2*y = 3*r - 0*r - 70. What are the prime factors of r?
2, 5
Let n(y) = -12*y + 1. Suppose -4*m - 5 = m. Let t be n(m). Suppose -5*a = u - t, -2*a - 2 + 15 = u. List the prime factors of u.
13
Let c be 2 + (-1)/(-2)*-2. Let w(n) = -n**3 - 5*n**2 - n + 2. Let v be w(-3). List the prime factors of (v/2)/(c/(-2)).
13
Suppose 6*p + 44 = 2*p. Let v = 15 + p. What are the prime factors of v?
2
Let m = -12 - -21. What are the prime factors of m?
3
Suppose -l + 1 = -3. Suppose 0 = -l*f - 2*c - 7 + 65, 0 = -5*c - 25. What are the prime factors of f?
17
Let x be (-2)/(-11) + 4/(-22). Let o be -1 - -59 - (-2 + 3). Suppose -3*y = -5*g - 2*y + o, -2*g + y + 24 = x. List the prime factors of g.
11
Suppose 2*g - 3*g = -65. Suppose -4*w = 5*b - g, -5*b + 15 = 5*w - 50. List the prime factors of b.
13
Let t(f) = -f**3 - 4*f**2 + 4*f - 6. Let x be t(-5). Suppose q - 10 = -q - 4*v, -3*q + 4*v + 5 = 0. Let z = q + x. List the prime factors of z.
2
Let x(t) = -2*t**2 + 2*t + 48. List the prime factors of x(0).
2, 3
Let d be 1 + 0/(-2 - -1). Let i be (0 + d)*1 + 2. Suppose -l + 4 + i = 0. List the prime factors of l.
7
Let h = -30 + 128. List the prime factors of h.
2, 7
Let l(b) = b. Let r(j) = -j**2 + 6*j + 5. Let g(o) = 2*l(o) - r(o). Let h be g(5). Suppose -5*s - 3 + 13 = h. What are the prime factors of s?
2
Suppose 4*q - 8 - 4 = 0. Let p(u) = -u**3 + 5*u**2 + 4*u - 4. List the prime factors of p(q).
2, 13
Let x(f) = f**2 + 3*f - 1. Suppose -n + 29 = -2*c, -5*n + 4*c + 200 = 61. Let j be 1 + -3 - n/9. List the prime factors of x(j).
3
Suppose 3*t - 4*f = 9, 6*t - t - 2*f - 15 = 0. Suppose -n = -t*c + 19, -3*c + 16 = 2*n - 0*n. List the prime factors of c.
2, 3
Suppose 5*g = -12 - 3, -5*w = -g - 308. What are the prime factors of w?
61
Let i(h) = h**2 - 9*h + 12. Let q be i(8). Suppose w 